*k + 122, -u - 3*k + 48 = f. What are the prime factors of u?
3, 11
Suppose -5*y = j + 12, 0 = 3*j + y - 0 + 8. List the prime factors of (1084/(-10))/j - 108/(-135).
5, 11
Let y(z) = -3*z**2 - 22*z - 9. Let b be y(-7). What are the prime factors of -153*(b + (-16)/(-12))?
2, 3, 17
Let u = 199 + -149. Let p = -2 - -87. Let h = p - u. List the prime factors of h.
5, 7
Let r(g) = -12*g - 8. Let s be r(12). Let m = 430 - s. What are the prime factors of m/9 - 6/9?
2
Let y be -3 + -3 + 3 + 5. Suppose -2*l + 0*l = -5*f - 90, 0 = 3*l - y*f - 124. What are the prime factors of l?
2, 5
List the prime factors of ((-13)/((-39)/2))/((-1)/(-543)).
2, 181
Suppose 0 = q - 4*c - 111, -3*q - 3*c = -5*q + 212. Let r = -48 + q. Let j = r - 23. List the prime factors of j.
2
Let q = 408 - -351. Suppose q + 203 = 13*m. List the prime factors of m.
2, 37
Suppose 0 = 2*z - 6 - 2. List the prime factors of (-10)/(-20) - (-490)/z.
3, 41
Suppose 4*h - 3*p + 134 = 0, -2*h - p + 68 = -4*h. Let l(u) = u**3 - 6*u**2 - 9. Let j be l(7). Let k = h + j. List the prime factors of k.
5
List the prime factors of ((-8)/(-6))/(((-24)/(-1566))/2).
2, 3, 29
Let g(n) = 41*n - 9. Let p(b) = 14*b - 3. Let z(k) = -6*g(k) + 17*p(k). Let o be z(2). Let a = o - -30. List the prime factors of a.
17
Let w(l) = l**2 - 3*l - 11. Suppose 3*j = -8*p + 3*p + 1, 2*j - 5*p + 41 = 0. What are the prime factors of w(j)?
7, 11
Let j(y) = 3*y - 15. Let t be j(5). List the prime factors of 54 + (t - -3) + 1.
2, 29
Let j = -4876 - -718. List the prime factors of (-2)/(-4) + j/(-28).
149
Suppose -f = 2*l - 2137, 4*l + 13*f = 14*f + 4277. List the prime factors of l.
1069
List the prime factors of (-6)/21 + (0 - (-17484)/42).
2, 13
List the prime factors of 11132/20 + 3/(-5).
2, 139
Let c be ((-3)/(-5))/(-3) + (-156)/(-30). Suppose 137 = -c*j + 6*j. List the prime factors of j.
137
Let s be ((-4)/(-16))/(1/36). Suppose s*t = 14*t - 70. What are the prime factors of t?
2, 7
Let k = 581 + -256. Suppose -4*z - 3*d - 94 = -k, 294 = 5*z + 2*d. What are the prime factors of z?
2, 3, 5
What are the prime factors of (-5)/3 + 262413/81?
2, 1619
Suppose -3*g + 28 = -4*l, 2*g + 32 = 5*g - 5*l. Suppose -g*t - 27 = 2*c + 25, 5*c - 3*t + 104 = 0. Let j = c - -35. List the prime factors of j.
13
Suppose 0*r - 5*x + 14 = -r, -2*r + 4*x = 4. What are the prime factors of r?
2, 3
Let u(c) = 88*c**2 - 2*c + 9. What are the prime factors of u(2)?
3, 7, 17
Let d(k) = -k**3 + 17*k**2 - 11*k - 11. Let i(r) = 5*r**3 - 86*r**2 + 56*r + 54. Let o(m) = 11*d(m) + 2*i(m). What are the prime factors of o(14)?
3, 19
Let a = -15 + 15. Suppose a = 61*z - 64*z + 168. What are the prime factors of z?
2, 7
Let t be (10/(-2))/((-1)/(-109)). Let g = -373 - t. List the prime factors of g.
2, 43
List the prime factors of (665/(-76))/(0 - 1/16).
2, 5, 7
Let n = -204 - -341. List the prime factors of n.
137
Suppose 65 = 2*s + 27. Suppose s*d = 16*d + 141. What are the prime factors of d?
47
Let l(w) = 13*w + 7. Let m be l(8). Let h = m + -32. List the prime factors of h.
79
Let u(l) = -56*l**3 - l**2 + 3*l + 3. Suppose -3*i - 16 = b, -4*i + i = -3*b + 24. Let w = i + 5. What are the prime factors of u(w)?
5, 11
Let m(f) = -f**3 - f**2 - f - 704. Let z be m(0). Let d be (81/(-18))/(3/z). What are the prime factors of d/108 + 4/18?
2, 5
Let n = 5 + 479. List the prime factors of n.
2, 11
Suppose -21*n + 25*n = 0. Suppose -3*u + n = -6. Suppose u*h - 80 + 26 = 0. What are the prime factors of h?
3
Let z(n) = n**3 - 10*n**2 - 11*n + 4. Let r be z(11). Suppose 20 = r*l + t, 3*t = -5*l + t + 28. What are the prime factors of 960/70 + l/14?
2, 7
Let v(n) = -6*n**3 + 2*n**2 - 12*n + 91. What are the prime factors of v(-9)?
5, 947
Let y = -42 - -25. Let x(p) = p**2 + 15*p - 11. List the prime factors of x(y).
23
Suppose 5*o - o - 3*f = -1, 0 = 3*f - 9. Suppose -2*w = -2*b + 16, -5*w - 12 = -o*b - 4*w. Suppose -72 = -b*s + s. List the prime factors of s.
2, 3
Suppose -2*x - 9 = -k, -4*k + 8*k + 3*x - 3 = 0. Suppose k*u = -48 - 48. List the prime factors of -2*1/(2/u).
2
Suppose -18*w = 78*w - 22368. What are the prime factors of w?
233
Suppose 3*x + 5*r - 6 = 2*r, -3*x - r + 8 = 0. Suppose 118 = n + x*n + p, 0 = 4*p + 8. List the prime factors of n.
2, 3, 5
Suppose 0 = -5*m + 4*s - 90, -m - 5 - 32 = 3*s. Let t = m - -64. List the prime factors of t.
2, 3, 7
Suppose 0*f = -f. Suppose 3*q = h - 6*h - 102, f = -q - 4. Let b = 29 + h. List the prime factors of b.
11
Suppose -2*y + 2619 = -2395. Suppose -b = -y - 391. What are the prime factors of (-2)/(-9) - b/(-81)?
2, 3
Let p = -48 - -74. Suppose 5*g + q = p, 0*g + 2 = 3*g + 4*q. Suppose -g = -4*y + 94. What are the prime factors of y?
5
Let m(h) = 2*h - 3. Let u be m(6). Let g = u - -1. Suppose g = -r + 32. What are the prime factors of r?
2, 11
Suppose -3*w - 2*d + 3252 = 0, 4*w + 17*d - 4337 = 14*d. List the prime factors of w.
2, 541
Let s = 612 - 291. List the prime factors of s.
3, 107
List the prime factors of (-72444)/(-18) + 7 + (-16)/24.
29, 139
Let v(j) = 32*j - 232. List the prime factors of v(18).
2, 43
Let n be ((-26)/(-65))/((-1)/(-30)). Let a be (n/(-16))/((-3)/12). Suppose v - a*v = -48. List the prime factors of v.
2, 3
Suppose 0 = -3*v - 4*n + 1 - 7, 0 = -4*v + 4*n + 20. Suppose -q + v*d + 10 = q, 0 = -3*d. Suppose -q*s + 11 = -4, 0 = 3*z - s - 78. List the prime factors of z.
3
Let o(g) = -g**3 - 5*g**2 + 10*g - 6. Let y be o(-7). List the prime factors of (y/(1 + 1))/((-3)/(-21)).
7, 11
Let d(b) = 10*b - 5. Let q be d(4). What are the prime factors of (-596)/(-10) - (-14)/q?
2, 3, 5
Let q(g) = -g**3 + 6*g**2 - 8*g + 3. Let p be q(5). Let t = p - -20. Let y(i) = i**3 - 8*i**2 + 2*i + 4. What are the prime factors of y(t)?
2, 5
Let n = -5449 + 11901. What are the prime factors of n?
2, 1613
Suppose 495 = -0*j - 3*j. Let w be 5/(-20) - j/(-12). List the prime factors of (-906)/(-42) - 6/w.
2, 11
Let d = 19 + -17. Let c(s) = 9 - s + s**2 - 3*s + 0*s**d. What are the prime factors of c(6)?
3, 7
Suppose 1523*t - 1537*t = -33110. What are the prime factors of t?
5, 11, 43
Suppose -1129 = -i - 0*r + 2*r, 5*i - 5625 = 5*r. Suppose 0 = -4*k - 4*g + 3*g + i, 2*k = 3*g + 543. List the prime factors of k.
3, 31
Let n(h) = h. Let y(k) = 7*k - 1. Let q(z) = -3*n(z) - y(z). What are the prime factors of q(-6)?
61
What are the prime factors of (0 - -7)*(6 + (-42240)/(-112))?
2, 3, 149
Let f(m) = m**2 + 8*m + 8. Let x be f(-7). What are the prime factors of 208/6*((-3)/(-2))/x?
2, 13
List the prime factors of (-13)/((-3)/204*4).
13, 17
Let a = 548 + -485. List the prime factors of a.
3, 7
Let h = 648 - 300. Suppose 5*n - n = 3*s + 346, -4*n + 2*s = -h. What are the prime factors of n?
2, 11
Let a = 13 + -10. Suppose 0*w + 3 = a*w. What are the prime factors of (2 - -4) + (w - 5)?
2
Let h = -77 - -38. Let n = 113 + h. List the prime factors of n.
2, 37
Let r be -4 + (-5)/(10/14). What are the prime factors of (r/2)/(6/(-36))?
3, 11
Suppose -73*j + 76*j = 2982. List the prime factors of j.
2, 7, 71
Suppose 2*l = -1 + 25. Let j = 26 + l. List the prime factors of j.
2, 19
Let n = 26 - 26. Suppose -5*j - 2*a + 51 = n, 0*j - 16 = -2*j - 3*a. Let f(p) = -p**3 + 11*p**2 + 4. List the prime factors of f(j).
2
Suppose 4*j = 6*j + 4. Let d be 3*(j + 3) + -5. What are the prime factors of 15/10 + (-29)/d?
2
Suppose -10*w = -2960 + 650. What are the prime factors of w?
3, 7, 11
Let f(o) = 4*o**3 - 7*o**2 + 3*o - 118. What are the prime factors of f(9)?
2, 1129
Suppose -4*m - 4 = -0*m. What are the prime factors of -24*m*6/4?
2, 3
Suppose 3*g - 4*c = 2, -3 = -3*g + c + 2*c. List the prime factors of (-12)/(2/11 - g/8).
2, 11
Let t be (16/(-10))/((-2)/(-5)). Let a be t - 3*6/(-3). Suppose -4*y + a + 26 = 0. List the prime factors of y.
7
Let h = -1644 + 2847. List the prime factors of h.
3, 401
Let k(m) = -11*m**3 - 3*m**2 - m - 2. Let c be k(-2). Let i be -2 - (2*(-1 - 4) - -4). Suppose 0 = i*u - 0*u - c. What are the prime factors of u?
19
List the prime factors of 29 - (-6)/(-9)*120/16.
2, 3
Let y = -30 + 31. List the prime factors of 7 + -8 - -93*y.
2, 23
Let p(u) = 1404*u - 130. What are the prime factors of p(2)?
2, 13, 103
Suppose 2*x - 459 = 137. What are the prime factors of (-7)/(-49) + 12/14 + x?
13, 23